9 = 0. Calculate the remainder when (-8)/(-56) - (-82)/h is divided by f.
0
Let c(k) = -6*k**2 + 8*k + 4. Let l(w) = 5*w**2 - 7*w - 5. Let u(i) = -6*c(i) - 7*l(i). What is the remainder when u(-8) is divided by 35?
32
Suppose -4*k = c - 38, 13 - 288 = -5*c - 3*k. Calculate the remainder when c is divided by 32.
26
Suppose -20 = -5*w + w. Suppose -w*i = 3*s - 3 - 5, 2*s = 3*i + 37. What is the remainder when 40 is divided by s?
7
Suppose 15*d = 27*d - 2844. What is the remainder when d is divided by 8?
5
Suppose 3*d - 26 = -b - 3*b, 7 = 3*b - 4*d. Suppose -z = -2*q + 3*q - 111, z + b*q - 127 = 0. What is the remainder when z is divided by 36?
35
Suppose -q = w - 6*w - 9, 3*w = -q + 9. Let s(c) = -9*c + 6. Let b be s(q). Let m = -50 - b. What is the remainder when m is divided by 13?
12
Let g be 3/21 + 3 + 3/(-21). Suppose 4*l = -5*y + 498, -g*l + y = -l - 256. Calculate the remainder when l is divided by 44.
39
Suppose 16 = 4*t, -5*r - 3*t + 25 = -2. Let x be (30/(-12) + 2)*10. Calculate the remainder when 24 is divided by ((-9)/x)/(r/15).
6
Suppose -29*k + 28*k = -23. What is the remainder when 84 is divided by k?
15
Let a(t) = -t**3 - 10*t**2 - 3*t - 22. Let o be a(-10). Suppose 30 = o*g - 5*g. Calculate the remainder when 27 is divided by g.
7
Suppose -14 = 5*l + 2*i + 19, 5*i = l + 12. Let s = -4 - l. Suppose 0 = 5*j - 6*h + 4*h - 61, 5*j = -3*h + 46. What is the remainder when j is divided by s?
2
Let r = -199 + 214. Let v = 24 - -17. What is the remainder when v is divided by r?
11
Suppose 2*h - 3*h + 14 = 0. Let c = -1149 - -2092. Calculate the remainder when (c/(-46))/(1/(-2)) is divided by h.
13
Suppose 15*n - 300 = -15*n. Calculate the remainder when 88 is divided by n.
8
Let h(v) = 14*v + 18. Let y(i) = -7*i - 9. Let p(o) = 3*h(o) + 5*y(o). Let s be p(-6). Let x = 53 + s. Calculate the remainder when x is divided by 7.
6
Let c(j) = -j**2 + 17*j + 12. Let h be c(18). Let b be 3/h*(3 + -3). Suppose g - 17 = -b. Calculate the remainder when 65 is divided by g.
14
Let p(k) = -k**3 + 9*k**2 + 10*k + 21. Calculate the remainder when p(9) is divided by 33.
12
Let w(d) = 4*d + 229. Calculate the remainder when 93 is divided by w(-39).
20
Suppose -6*x - 4*t + 317 = -x, -6 = -2*t. Calculate the remainder when x is divided by (6 - 4)*4*2.
13
Let q(h) = 3*h**3 - 2*h**2. Let l be q(3). Let w = 7 + l. Calculate the remainder when w is divided by 36.
34
Suppose -4*j + 1808 = 4*p, -4*j + 983 = 2*p - 819. Calculate the remainder when j is divided by 57.
50
Suppose -2*c - 4 = -4*c. Suppose -4*h = 12, -4*g = -c*g + 4*h - 24. What is the remainder when g/(12/16 + 0) is divided by 5?
4
Suppose -18*j + 241 = -443. Suppose 0*d - 2*d = -26. Calculate the remainder when j is divided by d.
12
Let d = 73 - 214. Let u = 294 + d. What is the remainder when u is divided by 6?
3
Suppose -19*n - 6724 = -60*n. What is the remainder when n is divided by 81?
2
Let c = -424 - -524. Calculate the remainder when c is divided by 30.
10
Suppose q = 3*s + 90, 3*s + 175 = 5*q - 263. Calculate the remainder when q is divided by 30.
27
Let a = 180 - 90. Suppose 3*j = j + 6. Calculate the remainder when (1/(-2))/((-5)/a) is divided by j.
0
Let u = -2 - -34. Suppose 3*b = 167 - u. Suppose -38 = -4*z - 5*y, -18 = -z - 0*y + 3*y. What is the remainder when b is divided by z?
9
Suppose x - 49 = -0*x. Suppose -4*o = -87 - x. Calculate the remainder when o is divided by 18.
16
Calculate the remainder when (13268/(-310))/(4/(-10)) is divided by 36.
35
Calculate the remainder when 84 is divided by -1 + -3*((-123)/9 - 1).
41
Suppose 2*f + 3*f = 25. What is the remainder when 34 is divided by f?
4
Suppose 570*j = 569*j + 20. What is the remainder when 29 is divided by j?
9
What is the remainder when (-3)/24*-442*(-6 + 10) is divided by 45?
41
Suppose -14 = -4*k + 10. What is the remainder when 100 is divided by k?
4
Suppose -2*v = -5*g + 81, 3*v = -5*g - 81 - 53. Let z = v + 50. What is the remainder when 8 is divided by z?
1
Suppose 0 = -4*j + 13 + 3. Let h = -677 + 691. What is the remainder when h is divided by j?
2
Let f = 5 - -4. Let b = 18 - f. Let m = -214 - -216. What is the remainder when b is divided by m?
1
Let g = -7 + 33. Suppose -12 = -4*u + 2*i, -i + 18 - 45 = -5*u. Calculate the remainder when g is divided by u.
5
Let p = -1097 - -1140. What is the remainder when 127 is divided by p?
41
Let a be (-46)/(-10) + (-9)/15. Suppose 4*x + 3*b = 4, -4 = -a*x + 6*b - 2*b. What is the remainder when 5 is divided by x?
0
Suppose 51 + 44 = 5*p. What is the remainder when 45 is divided by p?
7
Let m(x) be the second derivative of -47*x**3/2 + x**2/2 + 5*x. Let g be m(1). Calculate the remainder when 22 is divided by (-2)/(-12) + g/(-24).
4
Let t = 204 - 187. Suppose -y - 776 = -5*v, 0*v + 5*y = v - 160. Suppose -4*g + 0*h + 113 = -3*h, 5*g = h + v. What is the remainder when g is divided by t?
15
Suppose v - 16 - 4 = 0. Let p = 537 + -486. Calculate the remainder when p is divided by v.
11
Let r(x) = 43*x - 5. Let n(a) = a + 6. Let o be n(-4). Suppose 2*y - 18 = 10. What is the remainder when r(o) is divided by y?
11
Let v = -314 + 792. What is the remainder when v is divided by 37?
34
Let j(s) = -s**3 + 4*s**2 + 11*s + 7. Let l be j(6). Suppose v - l + 4 = 0, 84 = 5*q - 3*v. What is the remainder when 57 is divided by q?
12
Let p(q) = 7*q - 5. Let a = -35 - -37. Suppose a*i - 106 - 72 = 0. Calculate the remainder when i is divided by p(4).
20
Suppose -48 = -4*h - 3*u, 2*h - 3*u = -u + 38. Let v = 1 + 0. Calculate the remainder when 43 + (2 - (2 - v)) is divided by h.
14
Suppose f + l - 3 = 0, -f - 2*f = l - 3. What is the remainder when 6 is divided by (f - (-1)/1)/(3/9)?
0
Let r(h) be the first derivative of h**4/4 - 2*h**3/3 + h**2 - h - 5. Let t be r(1). Calculate the remainder when (t - -7) + (-16)/8 is divided by 2.
1
Suppose r + 231 - 238 = 0. What is the remainder when 110 is divided by r?
5
Suppose -4*h = -3*h + 4*t - 43, -4*h = 2*t - 158. What is the remainder when 192 is divided by h?
36
Let c be (4 + (-45)/10)*-86. Suppose -o + 2*i = -c, 5*i = -4*o + 62 + 45. Calculate the remainder when o is divided by 20.
13
Suppose 15 = 5*t - 30. Calculate the remainder when t is divided by 5.
4
Suppose -7*a + 49 = -203. Calculate the remainder when 44 is divided by a.
8
Let u(g) = -8*g + 3. Let b = -26 + 24. Calculate the remainder when 35 is divided by u(b).
16
Let q(u) = -u**3 + 6*u**2 + 8*u + 2. Suppose 2*m = m + 6. Suppose -3*n = -n - m. What is the remainder when q(7) is divided by n?
0
Let a(q) = -6*q + 11. Let h(s) = s**3 - 5*s**2 + 3*s + 5. Suppose k = -2 + 7. What is the remainder when a(-8) is divided by h(k)?
19
Suppose -4*i = -s - 37, -i + 21 = -s + 8. Let y(r) = r**3 - 6*r**2 + 8*r - 4. Let b be y(5). Calculate the remainder when (b + -1)/(8/16) is divided by i.
4
Let l(j) = j + 18. Let i = 25 - -2. What is the remainder when i is divided by l(-4)?
13
Let m be 2 - -1 - (-4)/4. Let u(j) = -j**3 + 9*j**2 - 6*j + 2. Let h be u(7). Suppose n = m + h. Calculate the remainder when n is divided by 13.
10
Suppose -2*b - 5*m + 710 = -4*m, -b - 3*m = -360. Calculate the remainder when b is divided by 40.
34
Suppose -9*s + 146 = -736. What is the remainder when 189 is divided by s?
91
Let l(k) = -k**3 + 10*k**2 - 2*k + 5. Let x be l(10). Let v = x + 22. Calculate the remainder when 33 is divided by (7/v)/((-2)/(-36)).
15
Let f(g) = 38 + 30 - 51 + g - g**2. Calculate the remainder when 64 is divided by f(0).
13
Let a(n) = n + 129. What is the remainder when a(22) is divided by 40?
31
Let p(c) = -13*c**2 - 287*c + 23. Suppose x - 4 = 12. Calculate the remainder when p(-22) is divided by x.
13
Let a(o) = 5*o**2 + 61*o - 56*o + 0*o**3 + 5 + o**3. What is the remainder when 10 is divided by a(-2)?
3
Suppose 68 = 6*m - 2*m. Let l = m - 14. Suppose -2*q - 3*q = 2*v - 27, -2*v = -q + 15. Calculate the remainder when q is divided by l.
1
Let r(n) = -8*n + 50. Let b be r(6). Suppose b*t - 51 + 5 = 0. Calculate the remainder when t is divided by 14.
9
What is the remainder when 97 is divided by 9 + -4 + 1*(-5 - -5)?
2
Let a = -10 - -4. Let y = 15 + a. What is the remainder when 15 is divided by y?
6
Suppose 4*q + 752 = 4*l, 5*q = -5*l - 0*l + 980. What is the remainder when l is divided by